and 28.
7
Suppose -245 = -2*n + 403. Calculate the highest common divisor of n and 288.
36
Let m(n) = 13*n - 16. Let x be m(2). Let r be (4/(-6)*-36)/((-18)/(-60)). Calculate the greatest common factor of r and x.
10
Suppose -672 = -13*y - 11*y - 18*y. Calculate the greatest common divisor of 18 and y.
2
Let h be (-10)/(-3) - 10/30. Suppose -2*n - 30 = -5*m, 32 = h*m + 2*n - 6*n. Suppose -373 = -m*j - 37. What is the highest common divisor of j and 42?
42
Suppose -l = -3*f - 1257, -30*f + 1292 = l - 26*f. What is the highest common factor of l and 114?
6
Let z be (59363/46)/((-1)/(-2)) - 9/(-3). Calculate the greatest common factor of z and 136.
136
Suppose -11*f = -6*f - 3125. Let y be ((-42)/4)/(3/2) - -32. Calculate the greatest common divisor of f and y.
25
Let k be 0 + 1 + ((-120)/10)/(-4). Let r be (-7)/(-3) + (-3)/9. What is the highest common divisor of r and k?
2
Let n(x) = 6 - 1 + 7 - 3*x. Let h be 9*3/(-3) + 116/29. Let r be n(h). Calculate the highest common factor of 189 and r.
27
Let b be (-1 - -1) + (-12)/(-1). Let o = 283 - 68. Let j be 81/18 - 4 - o/(-2). What is the greatest common divisor of j and b?
12
Let g(v) = 2*v**2 + 70*v + 5. Let u be g(-35). Suppose -4*m + 34 = u*h, -6*h = -2*h - 3*m - 21. Calculate the highest common divisor of 186 and h.
6
Suppose 0*i - 5*i + 1330 = 0. Suppose -g + i = -6. What is the highest common divisor of g and 34?
34
Let f be ((39/(-9))/13)/((-2)/2178). Let c(v) = -v**2 - 13*v - 7. Let m be c(-5). Calculate the highest common factor of f and m.
33
Let u be ((-15)/12)/(15/(-110400)). Suppose 22*w - 42*w = -u. What is the greatest common divisor of 10 and w?
10
Suppose -2*c - 14*d = -19*d - 1, 5*c + d = 43. Suppose -2*n + 504 = 5*n. What is the highest common divisor of n and c?
8
Let y(r) be the first derivative of -3*r**2/2 + 33*r + 18. Let n be y(0). Let q = -27 + n. What is the highest common divisor of 42 and q?
6
Suppose 27*a - 30*a + 825 = 0. Calculate the highest common divisor of a and 143.
11
Let v = -12 - -18. Let c be -3*(-14)/v*4. Suppose 0 = -2*f, -3*i + f = -6 - 36. Calculate the highest common factor of i and c.
14
Let d = -486 - -726. Let q be d + 8 + (-18)/6. What is the highest common factor of 98 and q?
49
Let c(f) = -16 + 11*f + 4*f - 7*f. Let o be c(5). Let h = -19 + 22. What is the highest common divisor of o and h?
3
Suppose -2*t - 680 = -3*t - 4*n, -3*t = -n - 1975. Suppose 40*m - t = 34*m. Let h be (-4)/(-2) + 4*2. Calculate the highest common divisor of h and m.
10
Let b = -126 + 119. Let d(z) = -z**2 - 15*z - 28. Let p be d(b). Let w be (1 + p/(-16))*-24. What is the highest common factor of w and 24?
6
Let s be (-325)/(-10) + 2/4. Let h = s + 1. Suppose 54 = 2*r + h. Calculate the highest common divisor of r and 100.
10
Let b = -218 - -218. Suppose b*r = 23*r - 736. Calculate the highest common factor of 800 and r.
32
Let f be 230*-2*4/(-16). Let o(p) = -p**3 + p**2 - p + 5. Let c be o(0). Calculate the highest common factor of c and f.
5
Suppose -2*c + 104 = 2*i, 4*c - 81 = -2*i + 23. Calculate the greatest common divisor of i and 1313.
13
Suppose 0 = 78*v + 7178 - 286730. What is the greatest common divisor of 28 and v?
28
Let d be 12/((-2)/(-52)*2). Suppose -1168 + 24 = -11*o. Calculate the highest common divisor of d and o.
52
Suppose 633*u = 631*u + 60. Calculate the highest common divisor of 41430 and u.
30
Suppose 14*w = 11*w + 45. Let g be (-2*-1*1)/((-35)/(-175)). Suppose g*o - 62 = 88. Calculate the greatest common factor of o and w.
15
Suppose -2*z + 0*c + 3*c + 294 = 0, -2*z - 2*c + 304 = 0. Suppose 8*n - 98 = -p, 25*n = -5*p + 27*n + 448. Calculate the highest common divisor of z and p.
30
Let k(g) = g**2 + 21*g - 21. Let x be k(-23). Suppose 690 = x*j - 1785. Calculate the greatest common factor of j and 264.
33
Let m = 28 + -23. Suppose 3*o - 114 = m*o. Let y = -45 - o. Calculate the greatest common factor of y and 228.
12
Let q = -18 + 46. Let c be (-8)/(-44)*11*(-19)/(-2). Suppose -308 = -c*f + 8*f. Calculate the highest common divisor of f and q.
28
Suppose -3*i - 19 = -2*i + 5*n, 49 = 4*i - 5*n. Suppose -i*f - 819 = -15*f. Suppose -8*h - 61 = -165. What is the highest common divisor of f and h?
13
Suppose -x = f + 889, x + 1169 = -2*f + 284. Let u be (-4)/18 - x/9. What is the greatest common factor of u and 11?
11
Let z(g) = 7*g**3 + 17*g**2 + g - 186. Let l be z(7). Calculate the greatest common divisor of l and 65.
65
Suppose 5*n - x - 5 = 0, 2*n + 6 = -3*x + 8. Calculate the greatest common divisor of n and 167.
1
Let w be 10/(-4)*24/(-15). Suppose 5*c - w*c = 75. Let z = -71 + c. What is the greatest common factor of z and 32?
4
Suppose -5*l + 20 = -0. Suppose c + 6 = 3*u, l*u - 2*c + 6 = 7*u. Suppose 86 = 2*k + u*q, -4*q + 58 - 9 = k. Calculate the highest common factor of 451 and k.
41
Suppose 5*f = 4*z - 1197, 1188 = 12*z - 8*z + 4*f. Let v = -294 + z. What is the highest common divisor of 14 and v?
2
Let k be (-22 - -13)/36 + 1233/4. Suppose 13*b + 31*b = k. What is the highest common divisor of 4 and b?
1
Let b(h) = -h + 121. Let y be b(11). Calculate the greatest common factor of 1910 and y.
10
Let o = 1345 - 1339. Let u(b) = 9*b + 1. Let a be u(5). Let r = a - 28. What is the greatest common factor of o and r?
6
Let c(k) = 1183*k**2 - 43*k + 44. Let r be c(1). What is the highest common divisor of 185 and r?
37
Let u = 10951 + -10828. Calculate the highest common factor of 21 and u.
3
Let g(x) = -x**3 - 78*x**2 - 838*x + 37. Let i be g(-67). Calculate the greatest common factor of i and 1260.
252
Let y(r) = 37*r - 9 + 52*r**2 - 49*r**2 - 15*r. Let w be y(-11). What is the highest common divisor of 14 and w?
14
Let k(s) = 2*s**3 + 12*s**2 - 26*s + 292. Let l be k(-9). Calculate the greatest common factor of l and 14780.
20
Let v(f) = 64*f**2 - 10*f + 16. Let m be v(10). Suppose 1316 = -20*z + m. What is the highest common factor of 10 and z?
10
Let j = 254 + -269. Let p be (63/j)/(-2 + 387/195). Calculate the highest common factor of p and 7.
7
Let h(x) = 50*x - 184. Let o be h(-10). Let b = -652 - o. Calculate the highest common factor of b and 24.
8
Let j = -25127 - -25226. Calculate the greatest common factor of j and 369.
9
Suppose -8*p + 3*p + 70 = 0. Suppose -3*b + 6 = 3*a, 4*a + b = -b + p. Let g = -28 - -48. Calculate the greatest common divisor of a and g.
5
Suppose 0 = -5*w - 5*t + 6010, -186*w = -184*w - 2*t - 2412. Calculate the highest common factor of w and 387.
43
Let f be (((-14)/21)/((-3)/(-9)))/((-3)/336). Calculate the highest common factor of 1708 and f.
28
Suppose 0 = -2*f + n + 2*n - 589, 10 = -2*n. Let z = f + 207. Let t = -74 - z. Calculate the highest common divisor of t and 21.
21
Let h = -11519 + 11647. What is the greatest common divisor of h and 10624?
128
Let v(b) = 3*b - 2. Let w be v(6). Suppose n - 15 - 94 = 0. Suppose 1549 = 10*g + n. Calculate the greatest common divisor of w and g.
16
Let d(y) = -81*y. Let q be d(-3). Let m = 794 - 785. What is the highest common divisor of m and q?
9
Let o be (-6)/(-16)*12*18. Suppose 92 = -w - l + 17, 0 = 3*l. Let j = w + o. Calculate the greatest common divisor of 96 and j.
6
Suppose -7*b = -6*b - 192. Suppose 5032*s - 5031*s = 1, 0 = a - 3*s - 21. What is the greatest common factor of b and a?
24
Suppose 2 = -14*o + 16*o. Let g(t) = -o + 14*t - 8*t + 35*t. Let d be g(1). What is the highest common factor of d and 20?
20
Suppose 12*k - 10*k = -4*m + 248, m - 5*k = 95. Calculate the greatest common divisor of 3965 and m.
65
Let z(t) = -10*t + 33. Let j be z(5). Let x = j + 34. Suppose x + 5 = l. What is the highest common factor of l and 154?
22
Let z = 153 + -133. Suppose 0 = 6*r - 18 - 18. Let d(w) = 12*w - 12. Let p be d(r). What is the greatest common factor of p and z?
20
Let c(v) = 237*v - 1603. Let j be c(12). Calculate the greatest common divisor of j and 493.
17
Let x(b) = -3372*b - 426. Let p be x(-2). Calculate the highest common divisor of 162 and p.
162
Let i = -92 - -90. Let z be i/2 - -9*(-7)/(-7). Suppose 3*p + 2*p = 160. What is the highest common divisor of z and p?
8
Let u be 0/(4/(20/15)). Suppose -n = -5, u = m + 4*n + n - 29. What is the highest common factor of m and 12?
4
Suppose 6680*f + 424 = 6683*f + 4*w, 3*w + 438 = 3*f. Calculate th